hest common divisor of 40 and f.
8
Let d = 106 + -50. Suppose 5*p - 37 + 8 = -3*m, -4*m - 5*p + 37 = 0. What is the greatest common divisor of d and m?
8
Let k(i) = 2*i**3 - 13*i**2 + 4*i - 2. Let d be k(7). Calculate the highest common divisor of 30 and d.
15
Let b(p) = 4*p + 4. Let d be b(4). Let s = 65 - d. Let o be 4*((-34)/(-8) - 2). Calculate the highest common divisor of s and o.
9
Let g(l) = l**2 + l - 7. Let i be g(-5). Let c be (-2)/(-6) - (-157)/(-3). Let r = -26 - c. What is the highest common factor of r and i?
13
Suppose -2*c = 10 - 32. What is the highest common divisor of 88 and c?
11
Let g be (0 + 2)*57 + 3. Suppose 0 = 2*f + 4*v + v - g, -5*v - 275 = -5*f. What is the greatest common divisor of f and 8?
8
Suppose -4*u = 5*f - 2*f + 5, 5*f = u - 16. Let h = 51 - u. What is the highest common factor of 20 and h?
10
Let r = 32 - 2. Suppose -2*q + r = -30. What is the highest common divisor of q and 20?
10
Let q be (237 - (3 + -4))/2. What is the greatest common factor of 17 and q?
17
Let p = 28 + -8. Let q = 35 - p. Suppose -h - 10 = -i, 3*h - 4 - 11 = 0. Calculate the highest common divisor of q and i.
15
Let j(b) = 0*b + 6 + 2*b + b**2 - b. Let l be j(0). Let r(n) = n**2 + 7*n + 6. Let k be r(-7). Calculate the highest common factor of k and l.
6
Let q = 56 + -38. Suppose 2*b + 3 = -15. Let s(h) = -2*h - 9. Let j be s(b). What is the highest common factor of q and j?
9
Let x(w) = -w**2 + 15*w + 2. Let c be x(13). Calculate the highest common factor of 70 and c.
14
Suppose -6 = -p - 1. Suppose 0 = -5*s - 2*d, -6*s - p*d = -s. Suppose -5*c + s*c = -330. Calculate the highest common divisor of c and 6.
6
Suppose 4 = -2*f - 4*u, -2*u = -4*f - 0*u + 32. What is the greatest common factor of 15 and f?
3
Let d = -274 + 281. Let c be (-14)/(-4) + 2/(-4). Let h be (4/(-6))/((-2)/c). What is the greatest common factor of d and h?
1
Suppose -4*v - v = -3*r + 31, -r = 3*v - 15. What is the highest common factor of r and 132?
12
Let q(v) = v**3 - 6*v**2 - 4*v + 6. Let c be q(6). Let u be c/((-2)/(2/1)). What is the highest common factor of u and 2?
2
Suppose 5*z + 170 = 3*o, -3*o - 2*z - 236 = -7*o. Let c(w) = 21*w**2 + 1. Let r be c(1). Let f = r - 10. What is the highest common divisor of o and f?
12
Let j(f) = -9*f + 2. Let s be 46/(-10) - 4/10. Let m be j(s). Let b = m - 7. Calculate the highest common divisor of 16 and b.
8
Let d(p) = -2*p + 5. Let g be d(7). Let j be 8 - -4*(-2)/4. Let k = j - g. Calculate the greatest common factor of 30 and k.
15
Let c(j) = -5*j**3 - j**2 + 4*j + 3. Let b be c(-2). Let p = 67 - b. What is the greatest common divisor of 9 and p?
9
Suppose -n + 4*n = 24. What is the highest common divisor of n and 32?
8
Let g be (18/24)/(2/8). Let m be g + ((-8)/2)/(-4). Calculate the highest common factor of 12 and m.
4
Suppose 4*o = -o + 140. Let p(b) = -b**3 + 5*b**2 - 3*b + 1. Let i be p(2). Calculate the highest common divisor of i and o.
7
Let l = 44 - 18. Calculate the greatest common factor of 13 and l.
13
Let a = 0 - 1. Let j be (-18)/2*(-3)/(-9). Let g = a - j. What is the highest common divisor of 4 and g?
2
Suppose 0*a = 5*a + 655. Let n = a + 274. Let t be (-1)/((-2)/(-4)) - -15. What is the highest common divisor of n and t?
13
Let h(m) = 7*m + 6. Let c be h(4). Calculate the highest common divisor of 272 and c.
34
Suppose 0*g = g - 57. Calculate the highest common factor of g and 38.
19
Let n(z) = z**3 - 13*z**2 - 21*z - 15. Let p be n(15). Calculate the greatest common divisor of p and 15.
15
Suppose -25 = 10*m - 15*m. Calculate the highest common factor of m and 45.
5
Suppose 0*k - 5*k - 30 = -5*m, 0 = 2*m + k. Let w(u) = 4*u - 82. Let r be w(21). What is the highest common divisor of m and r?
2
Let d(y) = -y + 2. Let z be d(3). Suppose 2 + 10 = 4*n. Let c be 8/(3 - (n + z)). Calculate the greatest common divisor of 64 and c.
8
Suppose -4 - 2 = -3*m. Suppose 2*z + m = -5*c, 2*z + 5 = -5*c - 3*z. Suppose 0 = 5*l - c*l - 25. What is the highest common factor of 40 and l?
5
Let a = -4 - -7. Let g be -14*(1 - a/2). Calculate the greatest common factor of 14 and g.
7
Let u = 87 + -38. Calculate the highest common divisor of 7 and u.
7
Suppose -2*d = -0*d - 12. Let i = -9 - -17. Let f = i + 7. Calculate the highest common divisor of d and f.
3
Let x(l) = -3*l**3 + 4*l - 9*l + 4*l**3 + 4. Let y be x(3). Calculate the greatest common factor of 4 and y.
4
Let y = 69 - 55. Suppose -35 = -0*j - j. What is the highest common factor of j and y?
7
Let g(r) = -r**3 - 9*r**2 - 2*r + 8. Let h be g(-9). Let m be (-1238)/(-18) - h/(-117). Calculate the highest common factor of 46 and m.
23
Let z be (8 + -4 - 6) + 5. Let h = 1 + 2. What is the greatest common divisor of h and z?
3
Let a(b) be the second derivative of b**3/3 - b**2 + 4*b. Let z be a(8). Calculate the greatest common divisor of z and 21.
7
Suppose -70 = -6*k + k. What is the highest common divisor of k and 98?
14
Suppose 0 = z + 5*j, 0 = 3*z - 0*z + 2*j - 26. Suppose -7*n = -2*n - z. Suppose 7 - n = 5*k. What is the highest common divisor of k and 11?
1
Let t(x) = x**3 - 15*x**2 + 10*x + 21. Let w be t(15). Calculate the highest common factor of 19 and w.
19
Let b be 99*(-3)/(-27)*3. Let v be 4/(-22) + 72/b. Suppose i - 2*f - v*f = 4, -4*f + 32 = 2*i. Calculate the highest common divisor of 72 and i.
12
Suppose -20 = -5*c - 5*l, 18 = 5*c - c + 3*l. What is the greatest common factor of c and 6?
6
Suppose -5 - 1 = -t. Let s be (t/(-4))/(3/(-16)). What is the highest common divisor of 40 and s?
8
Suppose u - 2*t = 92, 0*u + t - 386 = -4*u. Calculate the highest common divisor of 12 and u.
12
Suppose t - p = -5 - 1, 4*p + 8 = -4*t. Let i be 10/t*126/(-15). Calculate the highest common divisor of 21 and i.
21
Suppose -s - s - 2*w + 36 = 0, -s - 4*w = -33. Calculate the greatest common divisor of s and 13.
13
Suppose -5*c + 3*r - 4*r + 142 = 0, -2*c = 2*r - 60. Calculate the greatest common divisor of c and 70.
14
Suppose -4*h + 20 = 4*o, 2*o - 13 + 6 = h. Suppose -53 = -3*v + o*v + 2*q, 4*v = q - 230. Let t = v + 89. Calculate the greatest common divisor of t and 8.
8
Suppose -d + 6*d - 155 = 0. Suppose d + 13 = 2*i. Suppose i = o - 5. What is the greatest common factor of 3 and o?
3
Let n be 3 + 0 + 3/3 + 0. What is the greatest common divisor of n and 64?
4
Suppose -3*o = 6*o - 1287. Calculate the greatest common factor of 13 and o.
13
Let v = -11 - -23. Calculate the highest common factor of v and 44.
4
Suppose 4*r + 2*y = 40, 0 = -3*y + 5 - 11. Let n = 5 + 39. What is the highest common divisor of n and r?
11
Suppose 0 = -2*i - 2*i - 4. Let j be i/2 + (-106)/(-4). Let w(d) = 7*d + 9. Let s be w(8). What is the greatest common factor of s and j?
13
Let s(w) be the first derivative of -w**3/3 - 4*w**2 + 3*w + 3. Let f be s(-7). Suppose 2*l + 5 = 45. What is the greatest common factor of l and f?
10
Let u(s) = -s**3 - s**2 - 3*s - 5. Let z be u(-5). Suppose 8 = -5*t + 58. What is the greatest common factor of z and t?
10
Let z = -14 + 37. What is the highest common factor of 92 and z?
23
Let t(f) = -2*f**2 + f**2 + 8*f - f - 3. Let z be t(6). Suppose 140 = 2*p + z*p. Calculate the greatest common divisor of 4 and p.
4
Let r be (410/1 + (5 - 5))/2. Calculate the greatest common factor of r and 82.
41
Let a(f) = 2*f - 8. Let b be a(8). What is the greatest common factor of 12 and b?
4
Let r be 6*4/9*3*35. Calculate the highest common factor of r and 56.
56
Let f(o) = o**2 + 2*o - 1. Let k be f(-2). Let b be 198/6 - (4 + k). Calculate the greatest common divisor of b and 10.
10
Suppose 0*z - 3*b = -3*z + 141, -49 = -z - b. Let v = -22 - -28. Calculate the highest common factor of v and z.
6
Let q be 54/10 + (-4)/10. Let l(s) = -s - 5. Let a be l(-7). Let t = a + 3. Calculate the highest common factor of t and q.
5
Let i = -1 + 4. Let u(v) = -4 - i - 18*v + 2 + 1. Let s be u(-3). What is the greatest common divisor of s and 10?
10
Let x = 10 - 8. Suppose x*c = -2 + 4. Calculate the highest common factor of c and 8.
1
Suppose 4*k = 3*k + 34. Calculate the highest common factor of 272 and k.
34
Suppose m + 4*m - 3*s = -353, -3*s + 134 = -2*m. Let x = -43 - m. Let y be 1/(-2) - (-41)/2. What is the highest common divisor of y and x?
10
Suppose 3*u + 3*s - 63 =